 remainder when 29438 is divided by 309.
83
What is the remainder when 345454 is divided by 338832?
6622
What is the remainder when 23489 is divided by 266?
81
What is the remainder when 19656 is divided by 19548?
108
What is the remainder when 1763723 is divided by 857?
17
Calculate the remainder when 11980110 is divided by 21.
9
What is the remainder when 5060937 is divided by 111?
3
What is the remainder when 3095695 is divided by 972?
847
Calculate the remainder when 22569804 is divided by 14.
12
Calculate the remainder when 2513943 is divided by 628394.
367
Calculate the remainder when 21040 is divided by 1585.
435
Calculate the remainder when 106132 is divided by 53062.
8
Calculate the remainder when 4075994 is divided by 3172.
3146
Calculate the remainder when 121394 is divided by 59106.
3182
Calculate the remainder when 588787 is divided by 2374.
35
Calculate the remainder when 2528233 is divided by 1264102.
29
Calculate the remainder when 15853361 is divided by 26.
17
What is the remainder when 4812996 is divided by 417?
399
What is the remainder when 8411245 is divided by 382329?
7
Calculate the remainder when 1614689392 is divided by 863.
858
What is the remainder when 1833912 is divided by 44?
36
Calculate the remainder when 122320 is divided by 116307.
6013
Calculate the remainder when 2375969 is divided by 174.
173
Calculate the remainder when 1744484 is divided by 750.
734
Calculate the remainder when 150700 is divided by 3887.
2994
Calculate the remainder when 2170669 is divided by 6891.
4
What is the remainder when 167383153 is divided by 17367?
7
What is the remainder when 409379 is divided by 51160?
99
Calculate the remainder when 8512801 is divided by 119.
17
What is the remainder when 5842726 is divided by 10?
6
What is the remainder when 149866 is divided by 37463?
14
Calculate the remainder when 314188 is divided by 2287.
869
What is the remainder when 114704 is divided by 19056?
368
Calculate the remainder when 87895 is divided by 87885.
10
Calculate the remainder when 86997 is divided by 66.
9
What is the remainder when 789676 is divided by 247?
17
Calculate the remainder when 3238393 is divided by 3237763.
630
Calculate the remainder when 196418 is divided by 37041.
11213
Calculate the remainder when 79697 is divided by 130.
7
What is the remainder when 89357320 is divided by 1195?
0
What is the remainder when 107470316 is divided by 159?
149
Calculate the remainder when 1611693 is divided by 1695.
1443
Calculate the remainder when 7528220 is divided by 35.
0
What is the remainder when 380604 is divided by 11519?
477
What is the remainder when 640511 is divided by 10856?
7
What is the remainder when 26605540 is divided by 9946?
9936
What is the remainder when 589939 is divided by 1821?
1756
What is the remainder when 1729703 is divided by 1037?
1024
What is the remainder when 13324317 is divided by 1826?
1821
Calculate the remainder when 77878 is divided by 951.
847
Calculate the remainder when 91538062 is divided by 4148.
4146
Calculate the remainder when 6079897 is divided by 193.
11
What is the remainder when 15537464 is divided by 5?
4
What is the remainder when 139560249 is divided by 3084?
3081
What is the remainder when 32141 is divided by 11?
10
Calculate the remainder when 15527788 is divided by 15.
13
Calculate the remainder when 72324188 is divided by 613.
609
Calculate the remainder when 470985 is divided by 58792.
649
Calculate the remainder when 4993866 is divided by 212.
206
What is the remainder when 99451498 is divided by 30?
28
What is the remainder when 25657 is divided by 25243?
414
What is the remainder when 7377205 is divided by 801?
796
Calculate the remainder when 6810611 is divided by 389.
388
Calculate the remainder when 1568990 is divided by 1693.
1272
What is the remainder when 3820058 is divided by 3348?
3338
What is the remainder when 3172479 is divided by 29?
24
Calculate the remainder when 8548115 is divided by 142.
141
What is the remainder when 71827845 is divided by 1282640?
5
Calculate the remainder when 54186 is divided by 16995.
3201
What is the remainder when 1004995 is divided by 2651?
266
What is the remainder when 900447 is divided by 331?
127
What is the remainder when 1397594 is divided by 1658?
1558
What is the remainder when 2986123 is divided by 1493057?
9
What is the remainder when 107384 is divided by 1087?
858
Calculate the remainder when 8164780 is divided by 148.
64
What is the remainder when 5579806 is divided by 2680?
46
What is the remainder when 66034 is divided by 32664?
706
Calculate the remainder when 299104780 is divided by 87.
85
What is the remainder when 9176655 is divided by 752?
751
What is the remainder when 4024184 is divided by 670681?
98
Calculate the remainder when 793637 is divided by 793407.
230
What is the remainder when 9520 is divided by 2289?
364
Calculate the remainder when 38657330 is divided by 81.
80
What is the remainder when 8149575 is divided by 159?
30
Calculate the remainder when 1623442 is divided by 191.
133
Calculate the remainder when 3721 is divided by 1506.
709
Calculate the remainder when 599389 is divided by 99792.
637
What is the remainder when 137804106 is divided by 442?
440
What is the remainder when 144170972 is divided by 65?
62
What is the remainder when 99077 is divided by 1557?
986
Calculate the remainder when 745495 is divided by 72.
7
What is the remainder when 634972 is divided by 914?
656
What is the remainder when 2363825 is divided by 157588?
5
What is the remainder when 584833 is divided by 196?
165
Calculate the remainder when 4343605 is divided by 4552.
997
What is the remainder when 189202 is divided by 189061?
141
Calculate the remainder when 53895 is divided by 8923.
357
What is the remainder when 70065 is divided by 36?
9
What is the remainder when 35801069 is divided by 693?
689
Calculate the remainder when 126717 is divided by 685.
677
Calculate the remainder when 666531 is divided by 41.
35
What is the remainder when 50333 is divided by 2184?
101
Calculate the remainder when 7064950 is divided by 887.
882
Calculate the remainder when 64898 is divided by 3115.
2598
Calculate the remainder when 594875 is divided by 5612.
3
What is the remainder when 11911162 is divided by 198?
76
Calculate the remainder when 2954971 is divided by 72.
19
What is the remainder when 481335 is divided by 18490?
595
Calculate the remainder when 94568 is divided by 270.
68
What is the remainder when 1879891 is divided by 144605?
26
Calculate the remainder when 499569 is divided by 4802.
161
What is the remainder when 21184307 is divided by 47?
44
Calculate the remainder when 630049 is divided by 746.
425
Calculate the remainder when 287586 is divided by 143646.
294
Calculate the remainder when 22527 is divided by 26.
11
Calculate the remainder when 2879144 is divided by 575828.
4
What is the remainder when 8705190 is divided by 22494?
12
Calculate the remainder when 910896 is divided by 303382.
750
What is the remainder when 873594 is divided by 325?
319
Calculate the remainder when 19049375 is divided by 296.
295
What is the remainder when 19740 is divided by 3919?
145
What is the remainder when 922442 is divided by 1236?
386
Calculate the remainder when 133699 is divided by 133587.
112
What is the remainder when 54932603 is divided by 832312?
11
What is the remainder when 86225 is divided by 29?
8
Calculate the remainder when 217275 is divided by 224.
219
What is the remainder when 311502 is divided by 845?
542
What is the remainder when 13014909 is divided by 91?
89
Calculate the remainder when 897636 is divided by 3867.
492
What is the remainder when 71907 is divided by 7749?
2166
What is the remainder when 63015 is divided by 60778?
2237
What is the remainder when 26770 is divided by 6660?
130
Calculate the remainder when 1234447 is divided by 41148.
7
What is the remainder when 484971748 is divided by 90?
88
What is the remainder when 83291 is divided by 5485?
1016
Calculate the remainder when 85719448 is divided by 3166.
3164
Calculate the remainder when 2196284 is divided by 1792.
1084
What is the remainder when 157037894 is divided by 2177?
2176
What is the remainder when 466946 is divided by 233445?
56
What is t